 + -6
4
Calculate -13 + -24 + 40 - 7.
-4
2 + (0 - 44) + 59 + -47 + -2
-32
Calculate -9 + 6 + 0 + 3 + -3 + 10.
7
What is 10 + 9 + (-2 - 26) + 5?
-4
Calculate (0 - 1) + (-1 - -6) + 96 + -100.
0
What is the value of (-52 - -36) + (-19 - -9)?
-26
3 + (-9 - (-17 - -10 - -3)) + 3
1
Evaluate -15 - (-15 + (-21 - -14)).
7
What is the value of -3 + 6 - 1 - (-13 + 13 + -11)?
13
What is -6 - ((6 - 10) + -4)?
2
What is the value of 0 + (13 - 4) + -27 - (-4 + 1)?
-15
Evaluate 0 - (29 - (19 + -9)) - (-1 + 0).
-18
Calculate ((41 + -3 - 6) + -6 - 9) + -9.
8
(26 - 23) + (-1 - (-5 + -4))
11
Calculate 7 + (-8 - -9) + -12 - -4.
0
What is -6 - (7 - 10 - 0 - (-2 - -2))?
-3
What is (-17 - -21) + (-28 - 5) + 2 + -2?
-29
41 + -15 + 0 - 62
-36
What is the value of 2 - -10 - (2 - (5 - (14 + -6)))?
7
Evaluate 327 - 327 - (12 + (3 - 3)).
-12
What is 28 - 1 - (-1024 - -1059)?
-8
-4 + 1 + -11 - (186 + -186)
-14
What is -192 + 180 - (2 + -12)?
-2
What is the value of (2 + -10 - 1) + 507 + -488 - 13?
-3
Calculate (16 - (-1 - -8)) + -6.
3
What is 19 - (7 + 11) - (19 + -2 - -4)?
-20
What is -788 + 759 + 1 + 8?
-20
(1 - 1 - -3 - 3) + (1 - -1)
2
Evaluate (-15 + 21 - (-1 + 19)) + -5.
-17
-6 + (-10 - -14) - -3 - 11
-10
Calculate 41 + (6 - -9 - 28) + -12.
16
Evaluate (-21 - -1) + (-43 - -63).
0
Calculate 8 + -1 + -196 + 172.
-17
Evaluate 20 - (0 - 5) - (11 + -7).
21
What is the value of -8 + 0 + (-3 - 2) + 4 + -9?
-18
Evaluate -27 + (10 - (-12 - 15)).
10
What is -2 - (-4 + (3 - 11))?
10
What is the value of -9 + (4 + -29 - -1) - (-13 - -3)?
-23
What is the value of (-1 - 0) + -3 + 15?
11
Evaluate (-5 - 2) + (-11 - -18 - 1).
-1
Evaluate 7 - 22 - (-40 + -3) - -10.
38
Evaluate -18 - 2 - (7 + 10 + -26).
-11
Evaluate 6 - (-11 - (-2 - 10)).
5
What is the value of 11 - (45 + (-23 - 2))?
-9
8 - 0 - ((-41 - -65) + (5 - 15))
-6
Evaluate 12 + (11 - (14 - -6)).
3
What is the value of 13 + -7 + 1 + -2 + -10?
-5
What is the value of (-20 - (-11 + (-6 - -4))) + 39?
32
Evaluate -3 + (-6 - 0 - -4) - (11 - 14).
-2
What is the value of -19 + -11 + (20 - (6 - 2))?
-14
-16 + (-10 - (0 + -7))
-19
What is the value of -8 - (-13 + 15 - 12)?
2
What is 2 - (-2 + 1) - (25 + (-28 - -9))?
-3
Evaluate -6 + (-1 - (13 + -11)) - (-5 - 1).
-3
What is (6 - (14 - 28)) + -18?
2
What is 0 + 4 + -6 + (-7 - -7)?
-2
What is (691 - 698) + 0 + -1 + 11?
3
Calculate (3 - 7 - (-1 + -2)) + 5 + 2.
6
What is (18 - 13) + 11 - 32?
-16
Calculate (-11 - -3 - 10) + 11 + 6 + -5.
-6
What is -2 + 39 + -6 + 18 + -10 + -8?
31
Calculate -2 + (3 - -8) + (10 - 21).
-2
What is the value of (11 - (-11 - -1) - 16) + 10?
15
What is 1 + -24 + 6 + (-8 - -2) + 8?
-15
Calculate -1 + 2 + -23 + (-3 - (-8 + -2)).
-15
What is the value of 10 + 1 - ((4 - -1) + -11)?
17
(9 - (6 + -11) - 0) + (3 - 4)
13
What is -11 - (1 + (-16 - -8 - (-6 + -1)))?
-11
What is -13 + -11 + 9 + -8 + 8 + -9?
-24
What is the value of 1 + -4 + 8 + -8 - (0 + 5)?
-8
What is 12 - (-12 + (-6 - -19))?
11
Calculate 32 - (21 + 58 - 22).
-25
What is (-2 - 7) + -55 + 59 + 0 + 24?
19
What is the value of 3 - (-8 - (-9 + 2) - 0)?
4
-13 + 24 + -9 - -7
9
What is the value of 6 + 17 + -11 - 15?
-3
Calculate (0 + -3 - -12 - 2) + -110 + 117.
14
What is 43 - 40 - (1 + -1 + -1 + 11)?
-7
What is 0 + -5 + (-8 - (-13 + -5))?
5
What is the value of 3 + 12 - (-2 + (-5 - 0) + 11)?
11
What is (47 + -9 - 29) + -10?
-1
Calculate ((0 - (1 - 5)) + -8 - 4) + 3.
-5
What is the value of (48 - 24) + -28 + -8?
-12
What is 15 - 0 - (1 - (-19 - -11 - -8))?
14
Calculate -35 + 1 - (557 - 588).
-3
Evaluate (-17 + 2 - -4) + -49 + 84.
24
What is the value of (-4 - (-8 + 16)) + (3 - 12)?
-21
What is the value of -14 + 4 + -7 + 0?
-17
Calculate 4 + 19 + -3 + (5 - 12 - -4).
17
(-3 - 8) + (2 - 0)
-9
Calculate -317 - -323 - (2 + -2 + -10 + -3).
19
Calculate (22 - 11) + -21 + (2 - 29).
-37
What is 40 + -33 + (-14 - 26)?
-33
Calculate 17 + (-18 - -7) + 9.
15
What is -12 + -7 + 18 - 14?
-15
What is the value of 8 + (-35 - -25 - (-28 - -3))?
23
Evaluate (0 - 3) + 13 + -3 + (9 - 14).
2
Evaluate 1 + 0 + 1 + (8 - 17).
-7
What is the value of -16 - -12 - (2 - (-7 + 12))?
-1
What is (4 - 3) + (0 - 3 - (-113 + 100))?
11
Calculate 41 - 25 - (-3 + 12 + 1 - 4).
10
Evaluate -22 + 47 - (-2 + 0 + 14 + -4).
17
Evaluate 11 - (7 - 6) - 35 - -9.
-16
Calculate 5 - (18 + (5 - (-1 + 11 + -7))).
-15
Calculate -9 + (2 - (-1 - -3) - (-29 + 51)).
-31
What is 10 + (1 - (1 - 0 - 6)) - 4?
12
Evaluate (-5 - (-8 + 5)) + (-1 - -6) - -11.
14
Calculate 44 - (20 + 10 + -4).
18
12 + 10 + -38 - -30
14
Calculate 6 + -10 + (12 - -1) - (-180 - -173).
16
(0 - (2 + -5 + 0)) + (559 - 548)
14
(2 - 2) + 19 + 39 + -13 + -32
13
Calculate -29 - (-8 - (10 + -19 + 19)).
-11
What is -18 + (-2 - 6) + 5 + 8 - -2?
-11
What is the value of -1 + 8 + -3 + (13 - 13)?
4
Calculate -8 - (-35 + 20 + -1).
8
12 - ((-83 - -89) + 0 + -8 - -5)
9
-13 - (-13 + -3 + 2)
1
Evaluate 0 + (-2 - -6) + -15.
-11
What is the value of 52 + -55 - (10 - 1) - -26?
14
Calculate 10 + (1 - (-3 - 0)).
14
Calculate (-2 - -2 - (-6 - -8) - 3) + -2.
-7
What is the value of (-21 - (-14 + 32)) + 24?
-15
Calculate -20 + (-19 - (-38 + -12)).
11
Evaluate 24 + 7 + 18 + -38.
11
What is -4 + 11 + -7 + -3 + 0?
-3
What is the value of -9 + (21 - 4) + -13?
-5
What is (-13 - -41) + (-5 - (1 - -8))?
14
Calculate (-7 + -1 - (-11 - -20)) + 8 - 7.
-16
What is the value of -2 + -3 - (10 - ((41 - 10) + -4))?
12
What is 3 + 1 + -11 - (-36 - -18 - -9)?
2
Calculate -18 - (-53 + 9 - -13).
13
Calculate (-6 - -15) + -3 + (-1 - -1) + -5.
1
What is the value of -1415 + 1395 - (-2 - -3 - -6)?
-27
Evaluate 7 - (0 - (-1 + -8 - 5 - -8)).
1
What is 3 - -10 - (15 + (-6 - 2))?
6
What is the value of -1 + 13 + (-5 - 16 - 4 - -14)?
1
What is -12 + 10 + 8 + 0 + 4 + -24?
-14
What is the value of -35 + -1 - (-50 + (-32 - -71))?
-25
What is 36 + -22 - (6 - 0) - 4?
4
(2 - 3) + 3 + -529 + 541
14
What is -3 + (-3 - -6) + (4 - -4) + -1?
7
-21 + 29 + (-16 - -29)
21
Evaluate -26 + 3 + (-8 - -9 - -9).
-13
Calculate (1 - 7) + (-4 - -4) + 37 + -32.
-1
20 + (-25 - -14) + -16
-7
-5 - (-23 - (-15 - (-17 + 8)))
12
What is -17 + 25 + -27 + (2 - 14)?
-31
What is -4 - (1 + -5 + 0 + 11 - -4)?
-15
Evaluate 4 + (0 + -6 - 2) - 3.
-7
Calculate 6 + (-22 - -22) + (0 - 6).
0
Evaluate 1 + 0 + -1 + (2 - 4 - -7).
5
What is 0 - (-3 + 9) - (-4 - (-6 + 22))?
14
Calculate 1 + 0 + -56 + 68.
13
Evaluate -17 - -26 - (5 + (-1 - (-7 + 6))).
4
Evaluate (-26 - -37) + -9 + (1 - 9).
-6
What is (2 - (-6 - -12) - 6) + 18 + -47?
-39
-13 + 11 + (4 - -6)
8
-15 + 33 - (-9 + 31)
-4
Calculate 5 + 1 + -82 + 82 - 7.
-1
Evaluate -12 + (-9 - -14) + 6.
-1
Calculate (0 - -1) + 6 + 25 + -63 + 45.
14
Calculate -20 - (25 - 18 - 27).
0
What is (-11 - -20) + 2 - (2 + 2)?
7
Evaluate -28 + 26 - (0 - -7) - (11 + 1).
-21
What is the value of -6 + (-3 + 8 - 3) + 9 + 0?
5
Calculate -1 + (-17 - -20 - 18).
-16
Evaluate (5 + -5 + -5 - 19) + -5 + 0.
-29
(3 - 0 - (13 + -6)) + -13 + 17
0
What is the value of (15 - 35 - -13) + -9?
-16
What is the value of -5 + (27 - 4) - (-1 + 5)?
14
What is -14 + (12 + -20 - (-10 + -6)) - -15?
9
What is the value of (2 - (-1 + -3)) + (-25 - -17)?
-2
(1 + -9 - ((-20 - -1) + 17)) + -12
-18
Calculate (1 - -3 - -9) + (-25 - (-28 + 10)).
6
Evaluate 15 + 4 - (-5 - (-3 - (9 + -3))).
15
What is the value of -2 - (1 - (-10 + 33))?
20
What is -3 + 12 - (0 + 18)?
-9
4 - 1 - (27 + -19) - -6
1
1 + -20 + (-15 - (3 - 9 - 11))
-17
What is the value of -12 + -14 + (12 - -5)?
-9
16 + -26 - -27 - (0 - 0)
17
Calculate 47 - (-32 + (30 - -61)).
-12
Calculate (9 - -3) + 23 + -32.
3
Evaluate (-36 - -20) + 18 + 3 + (0 - 3).
2
(5 - 13) + 9 - -13 - 0
14
What is the value of -9 - (-6 - (-2 - (-11 - -13)))?
-7
What is (1 - (-1 + 1)) + (12 - 17 - 21)?
-25
What is -3 + (5 - -1) + (-16 - (-14 - -13))?
-12
What is the value of -8 + 18 + (-8 - -8)?
10
Calculate 0 - 32 - -25 - -12.
5
Calculate 7 - (-12 - (-31 - 8)).
-20
23 - 17 - ((-7 - -10) + (0 - 0))
3
What is 1 + 0 - (-33 - 10 - -33)?
11
What is the value of (31 - 58) + (16 - 1) + -3?
-15
What is the value of (19 - 0) + -30 - (2 - 0)?
-13
Evaluate (1 - ((24 - 1) + -14)) + (1 - -3).
-4
What is 33 + -25 + 9 + -23?
-6
Calculate (13 - (6 + -4 + -2)) + -10.
3
What is the value of (33 - 27 - (2 + -4)) + 20?
28
Calculate (5 - (-5 - -21)) + 38 + -20.
7
What is (-2 - 6) + (-37 